the highest common factor of 79092 and 9?
9
Calculate the highest common divisor of 133776 and 81.
9
Calculate the highest common factor of 240 and 94755.
15
Calculate the highest common divisor of 430400 and 75.
25
Calculate the highest common divisor of 576 and 9198.
18
What is the highest common factor of 38 and 19741?
19
Calculate the highest common factor of 762 and 630174.
762
Calculate the highest common factor of 138222 and 2583.
63
Calculate the highest common factor of 9 and 17337582.
9
What is the highest common divisor of 34390 and 1448?
362
Calculate the highest common factor of 282211 and 241.
241
Calculate the greatest common divisor of 174437 and 2635.
527
Calculate the greatest common divisor of 282 and 3653404.
94
What is the greatest common factor of 88 and 133694?
22
Calculate the greatest common factor of 282600 and 48.
24
What is the greatest common factor of 544 and 265336?
136
What is the greatest common divisor of 119871 and 57?
57
Calculate the greatest common factor of 360 and 1098.
18
Calculate the highest common factor of 972158 and 110.
22
Calculate the highest common factor of 36205 and 7085.
65
Calculate the greatest common divisor of 981 and 8558244.
981
Calculate the greatest common factor of 372 and 25854.
186
Calculate the highest common divisor of 107556 and 672.
12
Calculate the greatest common divisor of 7208348 and 1204.
1204
What is the highest common factor of 150 and 14550?
150
What is the highest common divisor of 1096436 and 176?
44
Calculate the highest common factor of 246 and 18.
6
What is the greatest common divisor of 9435 and 255?
255
What is the highest common divisor of 3432166 and 824?
206
What is the highest common factor of 420755 and 10?
5
Calculate the highest common factor of 3759 and 525.
21
Calculate the highest common factor of 696032 and 192.
32
Calculate the greatest common factor of 113810 and 76.
38
What is the greatest common divisor of 1161 and 9963?
27
Calculate the highest common divisor of 9338 and 70357.
161
What is the greatest common divisor of 104 and 5496?
8
Calculate the greatest common divisor of 183 and 51484.
61
What is the highest common factor of 2662 and 17314?
22
Calculate the highest common factor of 255 and 7446.
51
Calculate the greatest common divisor of 370 and 970.
10
Calculate the greatest common divisor of 96 and 138008.
8
What is the greatest common factor of 188180 and 60?
20
Calculate the highest common factor of 14430 and 1500.
30
What is the greatest common factor of 42060 and 576?
12
What is the greatest common divisor of 209 and 6094?
11
What is the highest common factor of 14623480 and 40?
40
What is the greatest common factor of 15858 and 18?
18
What is the greatest common factor of 1173 and 16606?
23
What is the greatest common divisor of 976 and 7442?
122
Calculate the highest common divisor of 93183 and 3490.
349
What is the highest common factor of 228 and 27240?
12
What is the greatest common factor of 12796 and 22540?
28
What is the highest common divisor of 2687967 and 873?
873
Calculate the highest common factor of 583 and 14151.
53
What is the greatest common divisor of 173 and 219710?
173
What is the greatest common factor of 55242 and 132?
66
What is the greatest common divisor of 303868 and 16?
4
Calculate the highest common divisor of 2067 and 15423.
159
Calculate the highest common divisor of 102353 and 19.
19
What is the highest common factor of 952555 and 649?
59
Calculate the highest common factor of 33 and 19085.
11
Calculate the highest common divisor of 597 and 75421.
199
What is the highest common factor of 6479 and 891?
11
What is the highest common divisor of 69044 and 656?
164
What is the greatest common factor of 1406 and 570?
38
What is the greatest common factor of 211660 and 532?
76
What is the greatest common factor of 4959 and 315?
9
Calculate the highest common factor of 49 and 24143.
7
Calculate the greatest common factor of 2371398 and 804.
402
Calculate the greatest common factor of 16108 and 108.
4
Calculate the greatest common divisor of 381662 and 138.
46
Calculate the greatest common factor of 19 and 5746949.
19
Calculate the highest common divisor of 1781 and 100969.
137
What is the greatest common factor of 4028886 and 54?
54
Calculate the highest common divisor of 120 and 153645.
15
What is the highest common divisor of 929454 and 1746?
582
Calculate the highest common divisor of 3 and 42273.
3
Calculate the highest common factor of 2289 and 147.
21
What is the greatest common factor of 337344 and 70?
14
What is the highest common divisor of 732 and 29676?
12
Calculate the greatest common divisor of 1081225 and 6381.
709
Calculate the greatest common divisor of 554410 and 15.
5
Calculate the greatest common factor of 340807 and 370.
37
Calculate the greatest common divisor of 70780 and 770.
10
What is the highest common factor of 8515 and 10?
5
What is the highest common divisor of 26432 and 3136?
448
What is the highest common divisor of 14 and 1080912?
14
What is the greatest common factor of 28 and 479766?
14
Calculate the greatest common divisor of 14921 and 1161.
43
Calculate the greatest common factor of 1102 and 703308.
58
Calculate the highest common factor of 37777 and 74.
37
Calculate the greatest common factor of 207 and 273861.
207
Calculate the highest common factor of 14724 and 144.
36
Calculate the highest common factor of 297 and 1707.
3
What is the greatest common factor of 909 and 181699?
101
Calculate the highest common divisor of 14 and 240926.
14
What is the greatest common factor of 871 and 20971?
67
Calculate the greatest common divisor of 157440 and 410.
410
What is the highest common divisor of 1572 and 860146?
262
What is the highest common factor of 5161 and 1963?
13
What is the greatest common divisor of 87531 and 179?
179
Calculate the highest common divisor of 72 and 25128.
72
What is the greatest common divisor of 775 and 33275?
25
What is the greatest common divisor of 12751 and 82?
41
Calculate the greatest common factor of 325 and 1534000.
325
What is the highest common factor of 38 and 21536842?
38
Calculate the greatest common factor of 645009 and 201.
201
Calculate the greatest common factor of 144387 and 5786.
263
What is the highest common factor of 26 and 3279718?
26
What is the highest common divisor of 1266459 and 116?
29
Calculate the highest common divisor of 1425 and 98895.
285
Calculate the highest common divisor of 99 and 2288418.
33
Calculate the highest common divisor of 4940 and 11609.
247
What is the greatest common divisor of 37395 and 30?
15
What is the highest common factor of 81 and 254097?
81
Calculate the highest common factor of 119619 and 135.
9
Calculate the greatest common factor of 2924 and 3400.
68
Calculate the greatest common divisor of 3710 and 490.
70
Calculate the greatest common factor of 437261 and 124333.
1397
What is the greatest common factor of 35 and 57760?
5
What is the highest common factor of 745920 and 45288?
2664
Calculate the greatest common divisor of 28959 and 6615.
147
What is the highest common factor of 13056 and 102?
102
Calculate the highest common factor of 1760587 and 181.
181
What is the greatest common factor of 366 and 592554?
366
What is the greatest common factor of 247 and 12064?
13
What is the greatest common factor of 1698 and 2987631?
849
Calculate the greatest common factor of 662 and 4319219.
331
What is the greatest common divisor of 232 and 1488802?
58
Calculate the highest common factor of 8 and 4767012.
4
Calculate the greatest common divisor of 78300 and 3.
3
Calculate the greatest common factor of 126 and 167688.
18
What is the highest common divisor of 2652 and 449956?
884
What is the highest common divisor of 2 and 6340?
2
Calculate the highest common divisor of 675 and 615.
15
What is the greatest common factor of 5130 and 1539?
513
What is the greatest common divisor of 94276 and 48988?
148
What is the highest common divisor of 1580 and 90455?
395
Calculate the highest common factor of 14398 and 2852.
46
What is the greatest common divisor of 702 and 1248?
78
Calculate the greatest common factor of 198 and 738.
18
What is the greatest common divisor of 178 and 186811?
89
What is the highest